{"id":501,"date":"2024-10-25T00:53:22","date_gmt":"2024-10-25T00:53:22","guid":{"rendered":"https:\/\/riar.corape.org.ec\/?page_id=501"},"modified":"2026-03-27T20:05:28","modified_gmt":"2026-03-27T20:05:28","slug":"reportajes-audiovisuales-riar","status":"publish","type":"page","link":"https:\/\/riar.corape.org.ec\/index.php\/reportajes-audiovisuales-riar\/","title":{"rendered":"Reportajes Audiovisuales"},"content":{"rendered":"<p>[et_pb_section fb_built=\u00bb1&#8243; _builder_version=\u00bb4.25.0&#8243; _module_preset=\u00bbdefault\u00bb background_color=\u00bb#009a39&#8243; height=\u00bb15px\u00bb max_height=\u00bb15px\u00bb custom_padding=\u00bb15px||0px|||\u00bb global_colors_info=\u00bb{}\u00bb][\/et_pb_section][et_pb_section fb_built=\u00bb1&#8243; _builder_version=\u00bb4.25.0&#8243; _module_preset=\u00bbdefault\u00bb background_color=\u00bb#333333&#8243; custom_padding=\u00bb0px||4px|||\u00bb global_colors_info=\u00bb{}\u00bb][et_pb_row _builder_version=\u00bb4.25.0&#8243; _module_preset=\u00bbdefault\u00bb custom_margin=\u00bb|auto|68px|auto||\u00bb custom_padding=\u00bb78px||0px|||\u00bb global_colors_info=\u00bb{}\u00bb][et_pb_column type=\u00bb4_4&#8243; _builder_version=\u00bb4.25.0&#8243; _module_preset=\u00bbdefault\u00bb global_colors_info=\u00bb{}\u00bb][et_pb_heading title=\u00bbReportajes Audiovisuales\u00bb _builder_version=\u00bb4.25.0&#8243; _module_preset=\u00bbdefault\u00bb title_font=\u00bb|700|||||||\u00bb title_text_align=\u00bbcenter\u00bb title_text_color=\u00bb#FFFFFF\u00bb title_font_size=\u00bb47px\u00bb custom_margin=\u00bb-11px||14px|||\u00bb custom_padding_tablet=\u00bb\u00bb custom_padding_phone=\u00bb55px||||false|false\u00bb custom_padding_last_edited=\u00bbon|phone\u00bb global_colors_info=\u00bb{}\u00bb][\/et_pb_heading][et_pb_text _builder_version=\u00bb4.25.0&#8243; _module_preset=\u00bbdefault\u00bb text_text_color=\u00bb#FFFFFF\u00bb text_font_size=\u00bb15px\u00bb text_orientation=\u00bbcenter\u00bb global_colors_info=\u00bb{}\u00bb]<\/p>\n<p>Estos reportajes se desarrollaron en el marco del proyecto \u00abPeriodismo y protecci\u00f3n de la Amazon\u00eda\u00bb, con el apoyo de DW Akademie y promovido por el Ministerio Federal de Cooperaci\u00f3n Econ\u00f3mica y Desarrollo. El contenido de cada una de las publicaciones es responsabilidad de su autor y no necesariamente refleja las opiniones de DW Akademie.<\/p>\n<p>[\/et_pb_text][\/et_pb_column][\/et_pb_row][\/et_pb_section][et_pb_section fb_built=\u00bb1&#8243; _builder_version=\u00bb4.25.0&#8243; _module_preset=\u00bbdefault\u00bb background_color=\u00bb#333333&#8243; min_height=\u00bb940.2px\u00bb custom_margin=\u00bb||-266px|||\u00bb custom_padding=\u00bb7px||118px|||\u00bb global_colors_info=\u00bb{}\u00bb][et_pb_row column_structure=\u00bb1_3,1_3,1_3&#8243; _builder_version=\u00bb4.25.0&#8243; _module_preset=\u00bbdefault\u00bb custom_padding=\u00bb40px||14px||false|false\u00bb global_colors_info=\u00bb{}\u00bb][et_pb_column type=\u00bb1_3&#8243; _builder_version=\u00bb4.25.0&#8243; _module_preset=\u00bbdefault\u00bb global_colors_info=\u00bb{}\u00bb][et_pb_text _builder_version=\u00bb4.25.0&#8243; _module_preset=\u00bbdefault\u00bb background_color=\u00bb#009a39&#8243; custom_margin=\u00bb||1px|||\u00bb custom_padding=\u00bb25px|25px|25px|25px|true|true\u00bb global_colors_info=\u00bb{}\u00bb]<\/p>\n<h2 style=\"text-align: justify;\"><span style=\"font-family: Abel; font-weight: normal; color: #ffffff;\"><strong>Contaminaci\u00f3n del R\u00edo PINDO de la parroquia Shell<\/strong><\/span><\/h2>\n<p style=\"text-align: justify;\"><span style=\"color: #ffffff;\"><span data-olk-copy-source=\"MessageBody\">La falta de tratamiento de aguas residuales de los asentamientos humanos en Sacha Runa, ha ocasionado la contaminaci\u00f3n del r\u00edo Pindo y, por ende, la salud de la poblaci\u00f3n y el turismo de quienes habitan la parroquia Shell, se han visto afectados.<\/span><\/span><\/p>\n<p>[\/et_pb_text][et_pb_video src=\u00bbhttps:\/\/www.youtube.com\/watch?v=a2f5G5ZKFJ4&#8243; _builder_version=\u00bb4.25.0&#8243; _module_preset=\u00bbdefault\u00bb global_colors_info=\u00bb{}\u00bb][\/et_pb_video][\/et_pb_column][et_pb_column type=\u00bb1_3&#8243; _builder_version=\u00bb4.25.0&#8243; _module_preset=\u00bbdefault\u00bb global_colors_info=\u00bb{}\u00bb][et_pb_text _builder_version=\u00bb4.25.0&#8243; _module_preset=\u00bbdefault\u00bb background_color=\u00bb#009a39&#8243; custom_margin=\u00bb||1px|||\u00bb custom_padding=\u00bb25px|25px|25px|25px|true|true\u00bb global_colors_info=\u00bb{}\u00bb]<\/p>\n<h2 style=\"text-align: justify;\"><span style=\"font-family: Abel; font-weight: normal; color: #ffffff;\"><strong>Contaminaci\u00f3n causada por la explotaci\u00f3n petrolera en Santa Marianita<\/strong><\/span><\/h2>\n<p style=\"text-align: justify;\"><span style=\"color: #ffffff;\">Los mecheros de gas, vibraciones y ruido permanente de la estaci\u00f3n norte de Petroecuador, generan afectaciones a la salud de la poblaci\u00f3n del barrio Santa Marianita de Lago Agrio.<\/span><\/p>\n<p>[\/et_pb_text][et_pb_video src=\u00bbhttps:\/\/www.youtube.com\/watch?v=V39JL8ldoE0&#8243; _builder_version=\u00bb4.25.0&#8243; _module_preset=\u00bbdefault\u00bb global_colors_info=\u00bb{}\u00bb][\/et_pb_video][\/et_pb_column][et_pb_column type=\u00bb1_3&#8243; _builder_version=\u00bb4.25.0&#8243; _module_preset=\u00bbdefault\u00bb global_colors_info=\u00bb{}\u00bb][et_pb_text _builder_version=\u00bb4.25.0&#8243; _module_preset=\u00bbdefault\u00bb background_color=\u00bb#009a39&#8243; custom_margin=\u00bb||1px|||\u00bb custom_padding=\u00bb25px|25px|25px|25px|true|true\u00bb global_colors_info=\u00bb{}\u00bb]<\/p>\n<h2 style=\"text-align: justify;\"><span style=\"font-family: Abel; font-weight: normal; color: #ffffff;\"><strong>Reportaje R\u00edo Puyo<\/strong><\/span><\/h2>\n<p style=\"text-align: justify;\"><span style=\"color: #ffffff;\"><span>Las comunidades Kichwas de Pastaza enfrentan la contaminaci\u00f3n del r\u00edo Puyo. Sus aguas son un emblema cultural y fuente de vida. Ahora son amenazadas por el deterioro ambiental y la falta de tratamiento adecuado de residuos.<\/span><\/span><\/p>\n<p style=\"text-align: justify;\"><span style=\"color: #ffffff;\"><span><\/span><\/span><\/p>\n<p style=\"text-align: justify;\"><span style=\"color: #ffffff;\"><span><\/span><\/span><\/p>\n<p style=\"text-align: justify;\">\n<p>[\/et_pb_text][et_pb_video src=\u00bbhttps:\/\/www.youtube.com\/watch?v=iny7eg8Tf-k&#038;list=PLW9tPsD0XDoXbOmFzWtKP-Mhk0IpFcDQc&#038;index=4&#8243; _builder_version=\u00bb4.25.0&#8243; _module_preset=\u00bbdefault\u00bb global_colors_info=\u00bb{}\u00bb][\/et_pb_video][\/et_pb_column][\/et_pb_row][et_pb_row column_structure=\u00bb1_3,1_3,1_3&#8243; _builder_version=\u00bb4.25.0&#8243; _module_preset=\u00bbdefault\u00bb min_height=\u00bb628.6px\u00bb custom_margin=\u00bb|auto|150px|auto||\u00bb custom_padding=\u00bb40px||0px||false|false\u00bb global_colors_info=\u00bb{}\u00bb][et_pb_column type=\u00bb1_3&#8243; _builder_version=\u00bb4.25.0&#8243; _module_preset=\u00bbdefault\u00bb global_colors_info=\u00bb{}\u00bb][et_pb_text _builder_version=\u00bb4.25.0&#8243; _module_preset=\u00bbdefault\u00bb background_color=\u00bb#009a39&#8243; custom_margin=\u00bb||1px|||\u00bb custom_padding=\u00bb25px|25px|25px|25px|true|true\u00bb global_colors_info=\u00bb{}\u00bb]<\/p>\n<h2 style=\"text-align: justify;\"><span style=\"font-family: Abel; font-weight: normal; color: #ffffff;\"><strong>Mecheros en la Amazon\u00eda: la salud en juego<\/strong><\/span><\/h2>\n<p style=\"text-align: justify;\"><span style=\"color: #ffffff;\"><span data-olk-copy-source=\"MessageBody\">La quema continua de gas en mecheros petroleros cerca de comunidades amaz\u00f3nicas ha generado graves afectaciones a la salud, especialmente a mujeres y a la ni\u00f1ez. A pesar de una sentencia judicial que ordena apagarlos, el Estado ha incumplido. La contaminaci\u00f3n del aire y del entorno sigue poniendo en riesgo la vida en la selva.<\/span><\/span><\/p>\n<p>[\/et_pb_text][et_pb_video src=\u00bbhttps:\/\/www.youtube.com\/watch?v=aNhKryxio8Y\u00bb _builder_version=\u00bb4.25.0&#8243; _module_preset=\u00bbdefault\u00bb global_colors_info=\u00bb{}\u00bb][\/et_pb_video][\/et_pb_column][et_pb_column type=\u00bb1_3&#8243; _builder_version=\u00bb4.25.0&#8243; _module_preset=\u00bbdefault\u00bb global_colors_info=\u00bb{}\u00bb][et_pb_text _builder_version=\u00bb4.25.0&#8243; _module_preset=\u00bbdefault\u00bb text_text_color=\u00bb#FFFFFF\u00bb header_text_color=\u00bb#FFFFFF\u00bb background_color=\u00bb#009a39&#8243; min_height=\u00bb321.8px\u00bb custom_margin=\u00bb||1px|||\u00bb custom_padding=\u00bb25px|25px|25px|25px|true|true\u00bb global_colors_info=\u00bb{}\u00bb]<\/p>\n<h1 class=\"style-scope ytd-watch-metadata\"><span>R\u00edos Pindo y Alpayacu mueren silenciosamente<\/span><\/h1>\n<p style=\"text-align: justify;\"><span>La contaminaci\u00f3n de los r\u00edos en Pastaza por basura, descargas residuales y granjas av\u00edcolas amenaza comunidades y ecosistemas. Esta investigaci\u00f3n visibiliza testimonios y evidencias que alertan: el agua no puede esperar.<\/span><\/p>\n<p>[\/et_pb_text][et_pb_video src=\u00bbhttps:\/\/www.youtube.com\/watch?v=8AZYT6H1mvw\u00bb _builder_version=\u00bb4.25.0&#8243; _module_preset=\u00bbdefault\u00bb custom_margin=\u00bb||48px|||\u00bb global_colors_info=\u00bb{}\u00bb][\/et_pb_video][et_pb_video src=\u00bbhttps:\/\/www.youtube.com\/watch?v=aN6Rm-w6aQg\u00bb _builder_version=\u00bb4.25.0&#8243; _module_preset=\u00bbdefault\u00bb global_colors_info=\u00bb{}\u00bb][\/et_pb_video][\/et_pb_column][et_pb_column type=\u00bb1_3&#8243; _builder_version=\u00bb4.25.0&#8243; _module_preset=\u00bbdefault\u00bb global_colors_info=\u00bb{}\u00bb][et_pb_text _builder_version=\u00bb4.25.0&#8243; _module_preset=\u00bbdefault\u00bb text_text_color=\u00bb#FFFFFF\u00bb header_text_color=\u00bb#FFFFFF\u00bb background_color=\u00bb#009a39&#8243; min_height=\u00bb321.8px\u00bb custom_margin=\u00bb||1px|||\u00bb custom_padding=\u00bb25px|25px|25px|25px|true|true\u00bb global_colors_info=\u00bb{}\u00bb]<\/p>\n<h1 class=\"style-scope ytd-watch-metadata\"><span>Diques, turismo y conservaci\u00f3n: entre el desarrollo econ\u00f3mico y la protecci\u00f3n de los r\u00edos amaz\u00f3nicos de Pastaza.\u00a0<\/span><\/h1>\n<p style=\"text-align: justify;\"><span>Este reportaje aborda los desaf\u00edos y tensiones que enfrentan los r\u00edos amaz\u00f3nicos de Pastaza, donde la construcci\u00f3n de diques ha impulsado el turismo, pero tambi\u00e9n ha generado impactos ambientales.\u00a0<\/span><\/p>\n<p>[\/et_pb_text][et_pb_video src_webm=\u00bbhttps:\/\/www.youtube.com\/watch?v=T94d0XtbxPQ\u00bb _builder_version=\u00bb4.25.0&#8243; _module_preset=\u00bbdefault\u00bb min_height=\u00bb179px\u00bb custom_margin=\u00bb||28px|||\u00bb hover_enabled=\u00bb0&#8243; global_colors_info=\u00bb{}\u00bb src=\u00bbhttps:\/\/www.youtube.com\/watch?v=T94d0XtbxPQ\u00bb sticky_enabled=\u00bb0&#8243;][\/et_pb_video][\/et_pb_column][\/et_pb_row][\/et_pb_section][et_pb_section fb_built=\u00bb1&#8243; fullwidth=\u00bbon\u00bb _builder_version=\u00bb4.25.0&#8243; _module_preset=\u00bbdefault\u00bb custom_margin=\u00bb-42px||-32px|||\u00bb global_colors_info=\u00bb{}\u00bb][et_pb_fullwidth_image src=\u00bbhttps:\/\/riar.corape.org.ec\/wp-content\/uploads\/2024\/11\/2-1-scaled.jpg\u00bb title_text=\u00bb2&#8243; _builder_version=\u00bb4.25.0&#8243; _module_preset=\u00bbdefault\u00bb min_height=\u00bb1125.9px\u00bb custom_margin=\u00bb-295px|||||\u00bb custom_padding=\u00bb||0px|||\u00bb global_colors_info=\u00bb{}\u00bb][\/et_pb_fullwidth_image][\/et_pb_section][et_pb_section fb_built=\u00bb1&#8243; _builder_version=\u00bb4.25.0&#8243; _module_preset=\u00bbdefault\u00bb background_color=\u00bb#212121&#8243; custom_padding=\u00bb0px||0px|||\u00bb global_colors_info=\u00bb{}\u00bb][et_pb_row _builder_version=\u00bb4.25.0&#8243; _module_preset=\u00bbdefault\u00bb custom_padding=\u00bb73px|||||\u00bb global_colors_info=\u00bb{}\u00bb][et_pb_column type=\u00bb4_4&#8243; _builder_version=\u00bb4.25.0&#8243; _module_preset=\u00bbdefault\u00bb global_colors_info=\u00bb{}\u00bb][et_pb_image src=\u00bbhttps:\/\/riar.corape.org.ec\/wp-content\/uploads\/2024\/09\/corape-300.png\u00bb title_text=\u00bbcorape-300&#8243; align=\u00bbcenter\u00bb _builder_version=\u00bb4.25.0&#8243; _module_preset=\u00bbdefault\u00bb custom_margin=\u00bb||27px|||\u00bb locked=\u00bboff\u00bb global_colors_info=\u00bb{}\u00bb][\/et_pb_image][et_pb_text _builder_version=\u00bb4.25.0&#8243; _module_preset=\u00bbdefault\u00bb custom_padding=\u00bb||0px|||\u00bb global_colors_info=\u00bb{}\u00bb]<\/p>\n<p style=\"text-align: center;\">Contacto: (02) 290 1355<br \/>Whatsapp: 099 749 41 91<br \/>Valladolid N24-59 y Madrid. Quito &#8211; Ecuador.<\/p>\n<p>[\/et_pb_text][et_pb_text _builder_version=\u00bb4.25.0&#8243; _module_preset=\u00bbdefault\u00bb global_colors_info=\u00bb{}\u00bb]<\/p>\n<p style=\"text-align: center;\">Copyright <span>\u00a9 2025 All rights reserved<\/span><\/p>\n<p>[\/et_pb_text][\/et_pb_column][\/et_pb_row][\/et_pb_section]<\/p>\n","protected":false},"excerpt":{"rendered":"<p>Estos reportajes se desarrollaron en el marco del proyecto \u00abPeriodismo y protecci\u00f3n de la Amazon\u00eda\u00bb, con el apoyo de DW Akademie y promovido por el Ministerio Federal de Cooperaci\u00f3n Econ\u00f3mica y Desarrollo. El contenido de cada una de las publicaciones es responsabilidad de su autor y no necesariamente refleja las opiniones de DW Akademie.Contaminaci\u00f3n del [&hellip;]<\/p>\n","protected":false},"author":1,"featured_media":0,"parent":0,"menu_order":0,"comment_status":"closed","ping_status":"closed","template":"","meta":{"_et_pb_use_builder":"on","_et_pb_old_content":"","_et_gb_content_width":"795","footnotes":""},"class_list":["post-501","page","type-page","status-publish","hentry"],"_links":{"self":[{"href":"https:\/\/riar.corape.org.ec\/index.php\/wp-json\/wp\/v2\/pages\/501","targetHints":{"allow":["GET"]}}],"collection":[{"href":"https:\/\/riar.corape.org.ec\/index.php\/wp-json\/wp\/v2\/pages"}],"about":[{"href":"https:\/\/riar.corape.org.ec\/index.php\/wp-json\/wp\/v2\/types\/page"}],"author":[{"embeddable":true,"href":"https:\/\/riar.corape.org.ec\/index.php\/wp-json\/wp\/v2\/users\/1"}],"replies":[{"embeddable":true,"href":"https:\/\/riar.corape.org.ec\/index.php\/wp-json\/wp\/v2\/comments?post=501"}],"version-history":[{"count":29,"href":"https:\/\/riar.corape.org.ec\/index.php\/wp-json\/wp\/v2\/pages\/501\/revisions"}],"predecessor-version":[{"id":855,"href":"https:\/\/riar.corape.org.ec\/index.php\/wp-json\/wp\/v2\/pages\/501\/revisions\/855"}],"wp:attachment":[{"href":"https:\/\/riar.corape.org.ec\/index.php\/wp-json\/wp\/v2\/media?parent=501"}],"curies":[{"name":"wp","href":"https:\/\/api.w.org\/{rel}","templated":true}]}}